{"id":7626,"date":"2024-08-23T13:17:16","date_gmt":"2024-08-23T13:17:16","guid":{"rendered":"https:\/\/simsekpompa.com.tr\/?post_type=product&#038;p=7626"},"modified":"2025-01-29T11:24:10","modified_gmt":"2025-01-29T11:24:10","slug":"0433171104-150p115-nozzle","status":"publish","type":"product","link":"https:\/\/simsekpompa.com.tr\/?product=0433171104-150p115-nozzle","title":{"rendered":"NOZZLE &#8211; 0433171104 -150P115"},"content":{"rendered":"<h2>\u00dcr\u00fcn Tan\u0131t\u0131m\u0131<\/h2>\n<p>Bosch 0433171104 enjekt\u00f6r memesi, y\u00fcksek kaliteli ve dayan\u0131kl\u0131 bir gemi par\u00e7as\u0131d\u0131r. Gemilerde kullan\u0131lan bu enjekt\u00f6r memesi, benzersiz tasar\u0131m\u0131 ile motor verimlili\u011finizi art\u0131r\u0131r.<\/p>\n<h2>\u00d6zellikler<\/h2>\n<p>Bu \u00fcr\u00fcnde, Bosch&#8217;un teknoloji harikas\u0131 m\u00fchendislik \u00e7\u00f6z\u00fcmleri ve d\u00fcnya \u00e7ap\u0131nda kabul g\u00f6rm\u00fc\u015f kalite standartlar\u0131 yer al\u0131yor. 150P115 s\u0131n\u0131f\u0131na ait olan bu enjekt\u00f6r memesi, g\u00fcvenilir performans\u0131 ile dikkat \u00e7ekiyor.<\/p>\n<h2>Kullan\u0131m Alanlar\u0131<\/h2>\n<p>Bosch 0433171104 memesi, genellikle denizcilik sekt\u00f6r\u00fcnde, \u00e7e\u015fitli gemi motorlar\u0131nda kullan\u0131l\u0131r. Bu par\u00e7a, motor kurulumlar\u0131 i\u00e7in m\u00fckemmel bir uyum sa\u011flar ve uzun \u00f6m\u00fcrl\u00fc kullan\u0131m sunar.<\/p>\n","protected":false},"excerpt":{"rendered":"<p>\u00dcr\u00fcn Tan\u0131t\u0131m\u0131 Bosch 0433171104 enjekt\u00f6r memesi, y\u00fcksek kaliteli ve dayan\u0131kl\u0131 bir gemi par\u00e7as\u0131d\u0131r. Gemilerde kullan\u0131lan bu enjekt\u00f6r memesi, benzersiz tasar\u0131m\u0131 ile motor verimlili\u011finizi art\u0131r\u0131r. \u00d6zellikler Bu \u00fcr\u00fcnde, Bosch&#8217;un teknoloji harikas\u0131 m\u00fchendislik \u00e7\u00f6z\u00fcmleri ve d\u00fcnya \u00e7ap\u0131nda kabul g\u00f6rm\u00fc\u015f kalite standartlar\u0131 yer al\u0131yor. 150P115 s\u0131n\u0131f\u0131na ait olan bu enjekt\u00f6r memesi, g\u00fcvenilir performans\u0131 ile&hellip;<\/p>\n","protected":false},"featured_media":7627,"comment_status":"open","ping_status":"closed","template":"","meta":{"om_disable_all_campaigns":false,"_monsterinsights_skip_tracking":false,"_monsterinsights_sitenote_active":false,"_monsterinsights_sitenote_note":"","_monsterinsights_sitenote_category":0},"product_cat":[65,68],"product_tag":[210,209,160,161,162],"class_list":{"0":"post-7626","1":"product","2":"type-product","3":"status-publish","4":"has-post-thumbnail","6":"product_cat-enjektor","7":"product_cat-enjektoer-memesi","8":"product_tag-210","9":"product_tag-150p115","10":"product_tag-enjektor","11":"product_tag-enjektor-memesi","12":"product_tag-nozzle","14":"first","15":"instock","16":"shipping-taxable","17":"product-type-simple"},"aioseo_notices":[],"_links":{"self":[{"href":"https:\/\/simsekpompa.com.tr\/index.php?rest_route=\/wp\/v2\/product\/7626","targetHints":{"allow":["GET"]}}],"collection":[{"href":"https:\/\/simsekpompa.com.tr\/index.php?rest_route=\/wp\/v2\/product"}],"about":[{"href":"https:\/\/simsekpompa.com.tr\/index.php?rest_route=\/wp\/v2\/types\/product"}],"replies":[{"embeddable":true,"href":"https:\/\/simsekpompa.com.tr\/index.php?rest_route=%2Fwp%2Fv2%2Fcomments&post=7626"}],"wp:featuredmedia":[{"embeddable":true,"href":"https:\/\/simsekpompa.com.tr\/index.php?rest_route=\/wp\/v2\/media\/7627"}],"wp:attachment":[{"href":"https:\/\/simsekpompa.com.tr\/index.php?rest_route=%2Fwp%2Fv2%2Fmedia&parent=7626"}],"wp:term":[{"taxonomy":"product_cat","embeddable":true,"href":"https:\/\/simsekpompa.com.tr\/index.php?rest_route=%2Fwp%2Fv2%2Fproduct_cat&post=7626"},{"taxonomy":"product_tag","embeddable":true,"href":"https:\/\/simsekpompa.com.tr\/index.php?rest_route=%2Fwp%2Fv2%2Fproduct_tag&post=7626"}],"curies":[{"name":"wp","href":"https:\/\/api.w.org\/{rel}","templated":true}]}}